
{"id":9,"date":"2008-12-27T12:59:38","date_gmt":"2008-12-27T11:59:38","guid":{"rendered":"http:\/\/www.trufferelektrotech.ch\/wordpress\/?page_id=9"},"modified":"2023-06-29T09:47:39","modified_gmt":"2023-06-29T08:47:39","slug":"projektierung","status":"publish","type":"page","link":"https:\/\/www.trufferelektrotech.ch\/?page_id=9","title":{"rendered":"Projektierung"},"content":{"rendered":"<p id=\"top\" \/><strong>Die Fussbodenspeicherheizung<\/strong><br \/>\nVoraussetzung f\u00fcr die massgerechte Planung Ihrer Fussbodenspeicherheizung ist die exakte Bestimmung des W\u00e4rmebedarfs. Diese basiert auf den Vorschriften der kantonalen Baukommission.Dabei wird ber\u00fccksichtigt, dass \u00fcber beheizte Fussb\u00f6den und Decken keine W\u00e4rmeverluste auftreten. Die notwendige W\u00e4rme verringert sich also entsprechend.<br \/>\nDie Projektierung von Speicherheizungen erfordert spezielle Fachkentnisse die wir zur Projektierung Ihrer Heizung anwenden. Dazu m\u00fcssen die vollst\u00e4ndigen Grundriss- und Schnittpl\u00e4ne 1:50 abgegeben werden.<\/p>\n<p>Die Leistung der Projektierung erfasst im einzelnen:<\/p>\n<ul>\n<li>Die Ermittlung des W\u00e4rmebedarfs, basierend auf den Vorschriften der<br \/>\n   kantonale Baukommission.<\/li>\n<li>Die Dimensionierung der Fussbodenheizung.<\/li>\n<li>Das Erstellen eines detaillierten Mattenplanes nach Bestellungseingang.<\/li>\n<li>Anfrage mittels Raumheizungsbegehren an das zust\u00e4ndige Elektrizit\u00e4tswerk.<\/li>\n<\/ul>\n<p>&nbsp;<br \/>\n<strong>Die Fussboden Direktheizung<\/strong><br \/>\nDie Fussbodendirektheizung kann als Vollheizung betrieben werden, wenn die Freigabedauer des Elektrizit\u00e4tswerkes mindestens 16 Stunden betr\u00e4gt. Sie wird genauso geplant wie die Speicherheizung.<\/p>\n<p><strong>Fachm\u00e4nisches Verlegen nach Plan<\/strong><br \/>\nDer Heizmattenplan ber\u00fccksichtigt die speziellen Gegebenheiten der Wohnung oder des Hauses. Er wird in den Grundrissplan 1.50 eingetragen und enth\u00e4lt Angaben \u00fcber Typ, Anzahl, Lage und Leistung der einzelnen Heizmatten. Im Heizmattenplan sind Vorschl\u00e4ge f\u00fcr die Anordnung der Raumthermostaten, Restw\u00e4rmef\u00fchler und Temperaturw\u00e4chter enthalten. Die eindeutige Kennzeichnung der angelieferten Heizmatten auf dem Typenschild schliesst Verwechslungen aus.<\/p>\n<p><strong>Installation und Verlegung der Heizmatten<\/strong><br \/>\nDie Installation und die Verlegung der Heizmatten erfolgt durch Ihren konzessionierten Elektriker.<\/p>\n<p><img loading=\"lazy\" decoding=\"async\" alt=\"\" src=\"https:\/\/www.trufferelektrotech.ch\/images\/plan01.jpg\" title=\"Verlegeplan\" class=\"aligncenter\" width=\"440\" height=\"307\" \/><br \/>\n<img loading=\"lazy\" decoding=\"async\" alt=\"\" src=\"https:\/\/www.trufferelektrotech.ch\/images\/plan02.jpg\" title=\"Beschreibung zum Verlegplan\" class=\"aligncenter\" width=\"300\" height=\"335\" \/><\/p>\n<p>&nbsp;<br \/>\nIm Weiteren berechnen, projektieren und offerieren wir Ihnen folgende Heizsysteme.<\/p>\n<ul>\n<li>Elektro-Fussbodentemperierung mit Millimeter-Matten, die direkt unter den Bodenbelag<br \/>\n   verlegt werden k\u00f6nnen.<\/li>\n<li>Elektro-Fussbodenheizung mit Millimetermatten, die direkt unter den Bodenbelag<br \/>\n   verlegt werden k\u00f6nnen.<\/li>\n<li>Elektro-Direktheizung mit Wandkonvektoren.<\/li>\n<li>Elektro-Speicherheizung mit dynamischen und statischen Speicher\u00f6fen.<\/li>\n<li>Elektro Sitzbankheizungen.<\/li>\n<li>Elektro Heizungen f\u00fcr Wasserheizsysteme mit Radiatoren oder f\u00fcr Fussbodenheizungen.<\/li>\n<li>Freifl\u00e4chen und Frostschutzheizungen inkl. Steuerung.<\/li>\n<li>Dachrinnenheizungen.<\/li>\n<\/ul>\n<p>Zur Projektierung der Heizanlagen bei Neu- oder Umbauten nach Ihren W\u00fcnschen ben\u00f6tigen wir von Ihnen den Grundriss und Schnittplan des Hauses oder der Wohnung, wenn m\u00f6glich 1:50. F\u00fcr Freifl\u00e4chen- und Dachrinnenheizungen ben\u00f6tigen wir die genauen Masse der zu beheizenden Fl\u00e4che.<\/p>\n","protected":false},"excerpt":{"rendered":"<p>Die Fussbodenspeicherheizung Voraussetzung f\u00fcr die massgerechte Planung Ihrer Fussbodenspeicherheizung ist die exakte Bestimmung des W\u00e4rmebedarfs. Diese basiert auf den Vorschriften der kantonalen Baukommission.Dabei wird ber\u00fccksichtigt, dass \u00fcber beheizte Fussb\u00f6den und Decken keine W\u00e4rmeverluste auftreten. Die notwendige W\u00e4rme verringert sich also entsprechend. Die Projektierung von Speicherheizungen erfordert spezielle Fachkentnisse die wir zur Projektierung Ihrer Heizung anwenden. [&hellip;]<\/p>\n","protected":false},"author":1,"featured_media":0,"parent":0,"menu_order":4,"comment_status":"closed","ping_status":"closed","template":"","meta":{"footnotes":""},"class_list":["post-9","page","type-page","status-publish","hentry"],"_links":{"self":[{"href":"https:\/\/www.trufferelektrotech.ch\/index.php?rest_route=\/wp\/v2\/pages\/9","targetHints":{"allow":["GET"]}}],"collection":[{"href":"https:\/\/www.trufferelektrotech.ch\/index.php?rest_route=\/wp\/v2\/pages"}],"about":[{"href":"https:\/\/www.trufferelektrotech.ch\/index.php?rest_route=\/wp\/v2\/types\/page"}],"author":[{"embeddable":true,"href":"https:\/\/www.trufferelektrotech.ch\/index.php?rest_route=\/wp\/v2\/users\/1"}],"replies":[{"embeddable":true,"href":"https:\/\/www.trufferelektrotech.ch\/index.php?rest_route=%2Fwp%2Fv2%2Fcomments&post=9"}],"version-history":[{"count":15,"href":"https:\/\/www.trufferelektrotech.ch\/index.php?rest_route=\/wp\/v2\/pages\/9\/revisions"}],"predecessor-version":[{"id":409,"href":"https:\/\/www.trufferelektrotech.ch\/index.php?rest_route=\/wp\/v2\/pages\/9\/revisions\/409"}],"wp:attachment":[{"href":"https:\/\/www.trufferelektrotech.ch\/index.php?rest_route=%2Fwp%2Fv2%2Fmedia&parent=9"}],"curies":[{"name":"wp","href":"https:\/\/api.w.org\/{rel}","templated":true}]}}