
{"id":140,"date":"2008-12-28T14:32:41","date_gmt":"2008-12-28T13:32:41","guid":{"rendered":"http:\/\/www.trufferelektrotech.ch\/wordpress\/?page_id=140"},"modified":"2020-08-14T15:46:15","modified_gmt":"2020-08-14T14:46:15","slug":"service","status":"publish","type":"page","link":"https:\/\/www.trufferelektrotech.ch\/?page_id=140","title":{"rendered":"Service"},"content":{"rendered":"<p id=\"top\" \/>&nbsp;<br \/>\nWir reparieren Ihnen Elektroheizungen aller Marken und Elektroger\u00e4te, Elektromaschinen aller Art:<\/p>\n<p>Wir f\u00fchren Steuerungsumbauten an bestehenden Elektroheizungen durch. Dies kann notwendig werden, wenn die alte Steuerung defekt geht. Durch eine neue und moderne Steuerung k\u00f6nnen Sie ihrer Heizung das Stromsparen beibringen und deren Kapazit\u00e4t effizienter nutzen.<\/p>\n<ul>\n<li>Die Steuerung wird durch den mikroprozessorgesteuerten Auf- und Entladeregler<br \/>\n   ersetzt und die Verdrahtung angepasst.<\/li>\n<li>Die Aussen-, der Vorlauf- und der Restw\u00e4rmef\u00fchler werden ersetzt.<\/li>\n<li>Die zum Mikroprozessor geh\u00f6renden Steckerleisten, Widerst\u00e4nde und Relais<br \/>\n   werden eingebaut.<\/li>\n<li>Sie erhalten die ben\u00f6tigte Instruktion, sowie Bedienungsanleitung.<\/li>\n<\/ul>\n<table border=\"0\" cellpadding=\"0\" cellspacing=\"0\" width=\"85%\">\n<tbody>\n<tr>\n<td width=\"41%\">\n<div align=\"right\"><img loading=\"lazy\" decoding=\"async\" src=\"images\/st1.jpg\" alt=\"PM2966\" align=\"middle\" height=\"130\" width=\"200\"><\/div>\n<\/td>\n<td width=\"18%\">&nbsp;<\/td>\n<td width=\"41%\"><img loading=\"lazy\" decoding=\"async\" src=\"images\/st2.jpg\" alt=\"ES 94\" align=\"middle\" height=\"130\" width=\"200\"><\/td>\n<\/tr>\n<\/tbody>\n<\/table>\n<p>&nbsp;<br \/>\nIst nach erfolgtem Check eine Totalrevision Ihrer Anlage f\u00e4llig, so machen wir Ihnen eine verbindliche Offerte. Checkpunkte:<\/p>\n<ul>\n<li>Die Heizk\u00f6rper werden mit einem Zangenamp\u00e8rmeter gemessen.<\/li>\n<li>Stellmotor, Trafo und Ventilator werden auf Funktionst\u00fcchtigkeit kontrolliert, resp. das Heizregister wird auf Dichtheit und Ausrichtung \u00fcberpr\u00fcft.<\/li>\n<li>Die Umw\u00e4lzpumpe wird auf Ger\u00e4uschemissionen und stromseitig gescheckt.<\/li>\n<li>Das Expansionsgef\u00e4ss und der Wasserdruck werden kontrolliert.<\/li>\n<li>Alle Klemmen und Sicherungsk\u00f6pfe werden nachgezogen.<\/li>\n<\/ul>\n<p>&nbsp;<br \/>\nStellen wir bei der \u00dcberpr\u00fcfung der Anlage M\u00e4ngel fest, werden wir Sie vor Ort informieren und Ihnen auf Wunsch eine verbindliche Offerte erstellen.<br \/>\nWollen Sie n\u00e4here Informationen zu unseren Serviceleistungen, so schreiben Sie uns doch ein <a href=\"mailto:service@trufferelektrotech.ch\">EMail<\/a>.<\/p>\n","protected":false},"excerpt":{"rendered":"<p>&nbsp; Wir reparieren Ihnen Elektroheizungen aller Marken und Elektroger\u00e4te, Elektromaschinen aller Art: Wir f\u00fchren Steuerungsumbauten an bestehenden Elektroheizungen durch. Dies kann notwendig werden, wenn die alte Steuerung defekt geht. Durch eine neue und moderne Steuerung k\u00f6nnen Sie ihrer Heizung das Stromsparen beibringen und deren Kapazit\u00e4t effizienter nutzen. Die Steuerung wird durch den mikroprozessorgesteuerten Auf- und [&hellip;]<\/p>\n","protected":false},"author":1,"featured_media":0,"parent":0,"menu_order":5,"comment_status":"closed","ping_status":"closed","template":"","meta":{"footnotes":""},"class_list":["post-140","page","type-page","status-publish","hentry"],"_links":{"self":[{"href":"https:\/\/www.trufferelektrotech.ch\/index.php?rest_route=\/wp\/v2\/pages\/140","targetHints":{"allow":["GET"]}}],"collection":[{"href":"https:\/\/www.trufferelektrotech.ch\/index.php?rest_route=\/wp\/v2\/pages"}],"about":[{"href":"https:\/\/www.trufferelektrotech.ch\/index.php?rest_route=\/wp\/v2\/types\/page"}],"author":[{"embeddable":true,"href":"https:\/\/www.trufferelektrotech.ch\/index.php?rest_route=\/wp\/v2\/users\/1"}],"replies":[{"embeddable":true,"href":"https:\/\/www.trufferelektrotech.ch\/index.php?rest_route=%2Fwp%2Fv2%2Fcomments&post=140"}],"version-history":[{"count":9,"href":"https:\/\/www.trufferelektrotech.ch\/index.php?rest_route=\/wp\/v2\/pages\/140\/revisions"}],"predecessor-version":[{"id":356,"href":"https:\/\/www.trufferelektrotech.ch\/index.php?rest_route=\/wp\/v2\/pages\/140\/revisions\/356"}],"wp:attachment":[{"href":"https:\/\/www.trufferelektrotech.ch\/index.php?rest_route=%2Fwp%2Fv2%2Fmedia&parent=140"}],"curies":[{"name":"wp","href":"https:\/\/api.w.org\/{rel}","templated":true}]}}