
{"id":113,"date":"2008-12-27T23:59:23","date_gmt":"2008-12-27T22:59:23","guid":{"rendered":"http:\/\/www.trufferelektrotech.ch\/wordpress\/?page_id=113"},"modified":"2023-06-29T09:42:35","modified_gmt":"2023-06-29T08:42:35","slug":"speicherheizgerate","status":"publish","type":"page","link":"https:\/\/www.trufferelektrotech.ch\/?page_id=113","title":{"rendered":"Speicherheizger\u00e4te"},"content":{"rendered":"<p id=\"top\" \/>Speicherheizger\u00e4te nutzen den Strom zum g\u00fcnstigen Niedertarif! Die gespeicherte Heizw\u00e4rme wird nach Wunsch dort abgegeben, wo sie gebraucht wird. Kein Grad W\u00e4rme wird verschenkt, denn durch moderne Steuertechnik nimmt das Ger\u00e4t exakt nur so wenig Energie auf , wie tats\u00e4chlich ben\u00f6tigt wird.<\/p>\n<p>&nbsp;<br \/>\n<strong>Dynamische Einzelspeicherger\u00e4te<\/strong><\/p>\n<p><strong>W\u00e4rmespeicher kompakt (ETS)<\/strong><br \/>\nDie W\u00e4rmespeicher der Familie ETS 200-700 \u00fcberzeugen mit hoher Leistung, wenn es um die W\u00e4rmeerzeugung geht. Viel Platz nimmt das Modell, das auf dem Boden aufgestellt wird, dabei aber nicht ein.Ein weiterer Vorteil f\u00fcr ist, dass das Ger\u00e4t W\u00e4rme dauerhaft speichern kann. Damit \u00fcberbr\u00fcckt es auch l\u00e4ngere Ladepausen problemlos. Der integrierte Regler erleichtert das Einstellen der Raumtemperatur. Beim L\u00fcften schaltet sich die Heizung zudem automatisch ab.<\/p>\n<p>Die wichtigsten Merkmale:<\/p>\n<ul>\n<li>Kompakter bodenstehender W\u00e4rmespeicher mit hoher Heizleistung (je nach Modell 820-2770W)<\/li>\n<li>Komfortabler und energiesparender Betrieb dank intelligenter Aufladeautomatik C-Plus-Technology<\/li>\n<li>Integrierter Raumtemperatur-Regler mit Wochentimer und Offene-Fenster-Erkennung<\/li>\n<li>Gut erreichbares Bedienelement mit beleuchtetem LC-Display<\/li>\n<li>Lange Lebensdauer<\/li>\n<li>Sehr leise im Betrieb durch ger\u00e4uscharmen Tangentiall\u00fcfter<\/li>\n<\/ul>\n<div id=\"attachment_383\" style=\"width: 522px\" class=\"wp-caption aligncenter\"><a href=\"https:\/\/www.trufferelektrotech.ch\/wp-content\/uploads\/ETS_200_plus.png\"><img loading=\"lazy\" decoding=\"async\" aria-describedby=\"caption-attachment-383\" src=\"https:\/\/www.trufferelektrotech.ch\/wp-content\/uploads\/ETS_200_plus.png\" alt=\"ETS 200 Plus\" width=\"512\" height=\"536\" class=\"size-full wp-image-383\" srcset=\"https:\/\/www.trufferelektrotech.ch\/wp-content\/uploads\/ETS_200_plus.png 512w, https:\/\/www.trufferelektrotech.ch\/wp-content\/uploads\/ETS_200_plus-287x300.png 287w\" sizes=\"auto, (max-width: 512px) 100vw, 512px\" \/><\/a><p id=\"caption-attachment-383\" class=\"wp-caption-text\">ETS 200 Plus<\/p><\/div>\n<p>&nbsp;<br \/>\n<strong>W\u00e4rmespeicher Flachbaureihe (ETW)<\/strong><br \/>\nDurch sein flaches Design integriert sich diese Heizung sich ausgesprochen gut in Ihr Wohnambiente. Er eignet sich vor allem f\u00fcr die Wandmontage. Die elegante Optik des Ger\u00e4ts \u00fcberzeugt aber ebenso gut, wenn Sie es aufstellen. Auch die Ausstattung des W\u00e4rmespeichers kann sich sehen lassen. Clevere Funktionen sorgen f\u00fcr W\u00e4rme, die optimal auf Ihren Bedarf abgestimmt ist. Sie erm\u00f6glichen zudem einen sparsamen Betrieb. Damit Sie die wohlige W\u00e4rme sorgenfrei auskosten k\u00f6nnen.<\/p>\n<p>Die wichtigsten Merkmale:<\/p>\n<ul>\n<li>Flacher wandmontierter oder bodenstehender W\u00e4rmespeicher<\/li>\n<li>Komfortabler und energiesparender Betrieb dank intelligenter Aufladeautomatik C-Plus-Technology<\/li>\n<li>Integrierter Raumtemperatur-Regler mit Wochentimer und Offene-Fenster-Erkennung<\/li>\n<li>Gut erreichbares Bedienelement mit beleuchtetem LC-Display<\/li>\n<li>Lange Lebensdauer<\/li>\n<li>Sehr leise im Betrieb durch ger\u00e4uscharmen Tangentiall\u00fcfter<\/li>\n<\/ul>\n<div id=\"attachment_385\" style=\"width: 522px\" class=\"wp-caption aligncenter\"><a href=\"https:\/\/www.trufferelektrotech.ch\/wp-content\/uploads\/ETW_12_plus.png\"><img loading=\"lazy\" decoding=\"async\" aria-describedby=\"caption-attachment-385\" src=\"https:\/\/www.trufferelektrotech.ch\/wp-content\/uploads\/ETW_12_plus.png\" alt=\"ETW 120 plus\" width=\"512\" height=\"536\" class=\"size-full wp-image-385\" srcset=\"https:\/\/www.trufferelektrotech.ch\/wp-content\/uploads\/ETW_12_plus.png 512w, https:\/\/www.trufferelektrotech.ch\/wp-content\/uploads\/ETW_12_plus-287x300.png 287w\" sizes=\"auto, (max-width: 512px) 100vw, 512px\" \/><\/a><p id=\"caption-attachment-385\" class=\"wp-caption-text\">ETW 120 plus<\/p><\/div>\n<p>&nbsp;<br \/>\n<strong>W\u00e4rmespeicher Sonderbaureihe: Mit geringer H\u00f6he (ETT)<\/strong><br \/>\nETT 350 und ETT 550 sind nur 49 cm hoch, womit sie bestens unter tiefe Fenster eingebaut werden k\u00f6nnen. Was an H\u00f6he fehlt, gleicht das Ger\u00e4t mit seiner langgestreckten Form aus (113 cm bzw. 148 cm). Eine hohe W\u00e4rmeversorgung ist Ihnen auf diese Weise sicher (1430 W bzw. 2040 W Heizleistung). Dank ausgefeilter Technik profitieren Sie von einer langen Lebensdauer des Ger\u00e4ts. Dazu tr\u00e4gt auch das Flusensieb im Luftansaugkanal bei. Es verhindert, dass Schwebeteilchen aus Ihrer Raumluft in das Ger\u00e4t gesaugt werden.<\/p>\n<p>Die wichtigsten Merkmale:<\/p>\n<ul>\n<li>Sehr niedriger bodenstehender W\u00e4rmespeicher mit hoher Heizleistung<\/li>\n<li>Komfortabler und energiesparender Betrieb dank intelligenter Aufladeautomatik C-Plus-Technology<\/li>\n<li>Integrierter Raumtemperatur-Regler mit Wochentimer und Offene-Fenster-Erkennung<\/li>\n<li>Gut erreichbares Bedienelement mit beleuchtetem LC-Display<\/li>\n<li>Lange Lebensdauer<\/li>\n<li>Sehr leise im Betrieb durch ger\u00e4uscharmen Tangentiall\u00fcfter<\/li>\n<\/ul>\n<div id=\"attachment_387\" style=\"width: 650px\" class=\"wp-caption aligncenter\"><a href=\"https:\/\/www.trufferelektrotech.ch\/wp-content\/uploads\/ETT_350_plus-e1687820229645.png\"><img loading=\"lazy\" decoding=\"async\" aria-describedby=\"caption-attachment-387\" src=\"https:\/\/www.trufferelektrotech.ch\/wp-content\/uploads\/ETT_350_plus-e1687820229645.png\" alt=\"ETT 350 plus\" width=\"640\" height=\"281\" class=\"size-full wp-image-387\" srcset=\"https:\/\/www.trufferelektrotech.ch\/wp-content\/uploads\/ETT_350_plus-e1687820229645.png 640w, https:\/\/www.trufferelektrotech.ch\/wp-content\/uploads\/ETT_350_plus-e1687820229645-300x132.png 300w\" sizes=\"auto, (max-width: 640px) 100vw, 640px\" \/><\/a><p id=\"caption-attachment-387\" class=\"wp-caption-text\">ETT 350 plus<\/p><\/div>\n","protected":false},"excerpt":{"rendered":"<p>Speicherheizger\u00e4te nutzen den Strom zum g\u00fcnstigen Niedertarif! Die gespeicherte Heizw\u00e4rme wird nach Wunsch dort abgegeben, wo sie gebraucht wird. Kein Grad W\u00e4rme wird verschenkt, denn durch moderne Steuertechnik nimmt das Ger\u00e4t exakt nur so wenig Energie auf , wie tats\u00e4chlich ben\u00f6tigt wird. &nbsp; Dynamische Einzelspeicherger\u00e4te W\u00e4rmespeicher kompakt (ETS) Die W\u00e4rmespeicher der Familie ETS 200-700 \u00fcberzeugen [&hellip;]<\/p>\n","protected":false},"author":1,"featured_media":0,"parent":69,"menu_order":0,"comment_status":"closed","ping_status":"closed","template":"","meta":{"footnotes":""},"class_list":["post-113","page","type-page","status-publish","hentry"],"_links":{"self":[{"href":"https:\/\/www.trufferelektrotech.ch\/index.php?rest_route=\/wp\/v2\/pages\/113","targetHints":{"allow":["GET"]}}],"collection":[{"href":"https:\/\/www.trufferelektrotech.ch\/index.php?rest_route=\/wp\/v2\/pages"}],"about":[{"href":"https:\/\/www.trufferelektrotech.ch\/index.php?rest_route=\/wp\/v2\/types\/page"}],"author":[{"embeddable":true,"href":"https:\/\/www.trufferelektrotech.ch\/index.php?rest_route=\/wp\/v2\/users\/1"}],"replies":[{"embeddable":true,"href":"https:\/\/www.trufferelektrotech.ch\/index.php?rest_route=%2Fwp%2Fv2%2Fcomments&post=113"}],"version-history":[{"count":17,"href":"https:\/\/www.trufferelektrotech.ch\/index.php?rest_route=\/wp\/v2\/pages\/113\/revisions"}],"predecessor-version":[{"id":401,"href":"https:\/\/www.trufferelektrotech.ch\/index.php?rest_route=\/wp\/v2\/pages\/113\/revisions\/401"}],"up":[{"embeddable":true,"href":"https:\/\/www.trufferelektrotech.ch\/index.php?rest_route=\/wp\/v2\/pages\/69"}],"wp:attachment":[{"href":"https:\/\/www.trufferelektrotech.ch\/index.php?rest_route=%2Fwp%2Fv2%2Fmedia&parent=113"}],"curies":[{"name":"wp","href":"https:\/\/api.w.org\/{rel}","templated":true}]}}